6576 a multiple of 74?
True
Is 38 a factor of 109288?
True
Is 10054798 a multiple of 13?
True
Is 225 a factor of 17873759?
False
Does 64 divide 543552?
True
Is 5 a factor of 215343?
False
Is 560 a factor of 13575932?
False
Does 36 divide 366444?
True
Is 1137972 a multiple of 70?
False
Does 195 divide 6286605?
True
Does 111 divide 2701088?
False
Is 90 a factor of 1305063?
False
Does 550 divide 870880?
False
Is 320364 a multiple of 33?
True
Is 4209586 a multiple of 1540?
False
Does 14 divide 100758?
True
Is 17899 a multiple of 7?
True
Is 44 a factor of 525360?
True
Is 11377 a multiple of 31?
True
Is 2231785 a multiple of 199?
True
Does 127 divide 82174?
False
Does 7 divide 1286?
False
Is 710475 a multiple of 25?
True
Is 25 a factor of 161891?
False
Is 1195 a factor of 16280579?
False
Is 297 a factor of 1139619?
False
Does 20 divide 273818?
False
Is 132616 a multiple of 548?
True
Is 17 a factor of 52564?
True
Is 104 a factor of 662985?
False
Is 2425748 a multiple of 13?
True
Is 201097 a multiple of 209?
False
Is 262141 a multiple of 46?
False
Is 235 a factor of 95958?
False
Does 613 divide 22109071?
True
Does 18 divide 2576034?
True
Is 52822 a multiple of 11?
True
Is 31 a factor of 348191?
False
Is 2098150 a multiple of 50?
True
Does 13 divide 7616?
False
Is 604098 a multiple of 113?
True
Is 124929 a multiple of 15?
False
Is 548210 a multiple of 65?
True
Does 19 divide 1500886?
True
Is 374251 a multiple of 18?
False
Is 1480424 a multiple of 11?
True
Is 204 a factor of 12293?
False
Is 250 a factor of 1821500?
True
Is 17116202 a multiple of 527?
False
Is 4 a factor of 201326?
False
Does 18 divide 19346?
False
Is 65 a factor of 114747?
False
Does 33 divide 3472624?
False
Is 14 a factor of 172869?
False
Does 16 divide 67727?
False
Is 14003074 a multiple of 176?
False
Is 302 a factor of 539077?
False
Is 280640 a multiple of 32?
True
Is 151 a factor of 1830024?
False
Is 4 a factor of 2019152?
True
Does 50 divide 63400?
True
Is 22 a factor of 85337?
False
Does 14 divide 5409275?
False
Does 48 divide 22800?
True
Is 19350 a multiple of 82?
False
Does 907 divide 3472903?
True
Is 13 a factor of 9175348?
True
Does 13 divide 2214?
False
Is 125961 a multiple of 16?
False
Is 180346 a multiple of 13?
False
Does 8 divide 94985?
False
Does 34 divide 77622?
True
Is 58 a factor of 357320?
False
Is 6042449 a multiple of 46?
False
Is 55 a factor of 6929467?
False
Is 1292375 a multiple of 25?
True
Is 537300 a multiple of 540?
True
Does 10 divide 23480?
True
Is 22047 a multiple of 16?
False
Is 255512 a multiple of 8?
True
Is 261803 a multiple of 2?
False
Does 233 divide 320142?
True
Is 83 a factor of 1231471?
True
Is 796800 a multiple of 24?
True
Is 6815068 a multiple of 95?
False
Does 127 divide 3442970?
True
Is 138 a factor of 101658?
False
Is 932 a factor of 3947952?
True
Is 368 a factor of 325874?
False
Is 19 a factor of 43320?
True
Is 46629 a multiple of 28?
False
Is 79 a factor of 7024048?
True
Does 52 divide 215039?
False
Is 711282 a multiple of 54?
False
Does 81 divide 559629?
True
Is 701043 a multiple of 20?
False
Is 28 a factor of 112520?
False
Is 9 a factor of 243319?
False
Does 30 divide 66704?
False
Does 68 divide 68748?
True
Does 5 divide 95770?
True
Does 32 divide 523724?
False
Is 5 a factor of 21915?
True
Is 536 a factor of 2520272?
True
Is 111 a factor of 150330?
False
Is 7 a factor of 1715012?
False
Is 3597336 a multiple of 1146?
False
Is 415531 a multiple of 22?
False
Does 392 divide 3418?
False
Is 153 a factor of 317934?
True
Is 10 a factor of 240320?
True
Does 46 divide 124890?
True
Is 1040544 a multiple of 115?
False
Is 100 a factor of 400200?
True
Is 221 a factor of 1985906?
True
Does 13 divide 172198?
True
Does 72 divide 4935431?
False
Is 277 a factor of 6161113?
False
Is 816 a factor of 1369576?
False
Is 39 a factor of 6503718?
True
Does 28 divide 2478296?
False
Does 37 divide 25974?
True
Is 128 a factor of 17969024?
True
Does 22 divide 68684?
True
Is 55 a factor of 278666?
False
Does 52 divide 65728?
True
Is 296240 a multiple of 140?
True
Does 399 divide 456855?
True
Is 206149 a multiple of 16?
False
Is 476 a factor of 11798322?
False
Does 184 divide 110400?
True
Does 14 divide 14234861?
False
Does 41 divide 333678?
False
Does 730 divide 29943796?
False
Does 54 divide 2075490?
True
Is 336490 a multiple of 133?
True
Is 2 a factor of 777098?
True
Does 12 divide 33828?
True
Does 17 divide 98680?
False
Is 541 a factor of 5616662?
True
Is 2965747 a multiple of 89?
True
Is 690 a factor of 2042621?
False
Is 156110 a multiple of 125?
False
Does 3 divide 47763?
True
Is 18945 a multiple of 15?
True
Does 6 divide 2421330?
True
Does 52 divide 730444?
True
Is 18079488 a multiple of 288?
True
Is 188873 a multiple of 673?
False
Is 103 a factor of 2732796?
True
Is 8358 a multiple of 4?
False
Is 23 a factor of 2914629?
True
Is 20 a factor of 7291320?
True
Is 223886 a multiple of 26?
True
Is 291 a factor of 2519617?
False
Does 120 divide 222120?
True
Is 961 a factor of 7989984?
False
Is 735050 a multiple of 82?
False
Is 38811 a multiple of 52?
False
Is 983232 a multiple of 32?
True
Is 542243 a multiple of 53?
True
Is 147 a factor of 1644255?
False
Does 10 divide 888320?
True
Does 2 divide 2335?
False
Is 2 a factor of 4288?
True
Does 196 divide 35824?
False
Does 1009 divide 3766597?
True
Is 7 a factor of 2424674?
True
Is 240520 a multiple of 280?
True
Does 18 divide 553745?
False
Does 5 divide 654373?
False
Does 487 divide 711020?
True
Does 34 divide 141950?
True
Is 16616 a multiple of 62?
True
Is 5348494 a multiple of 116?
False
Does 19 divide 263444?
False
Is 182 a factor of 2789514?
True
Does 13 divide 203912?
False
Does 21 divide 242987?
False
Is 527872 a multiple of 32?
True
Does 11 divide 151808?
False
Does 124 divide 374543?
False
Is 21834180 a multiple of 496?
False
Is 23 a factor of 2519558?
True
Is 568 a factor of 5144492?
False
Does 604 divide 6484544?
True
Is 2201 a multiple of 176?
False
Does 30 divide 23013?
False
Is 124 a factor of 567300?
True
Does 53 divide 2184607?
True
Is 4496220 a multiple of 10?
True
Is 5 a factor of 1823750?
True
Does 146 divide 442993?
False
Is 80142 a multiple of 361?
True
Is 9 a factor of 200311?
False
Is 126588 a multiple of 66?
True
Is 14796672 a multiple of 341?
True
Is 3281992 a multiple of 294?
False
Is 256 a factor of 149248?
True
Is 13 a factor of 617302?
False
Is 151 a factor of 1923438?
True
Is 388870 a multiple of 185?
True
Does 98 divide 260778?
True
Is 138798 a multiple of 11?
True
Does 26 divide 1803360?
True
Is 172590 a multiple of 101?
False
Is 46 a factor of 616446?
True
Does 9 divide 26970?
False
Is 177 a factor of 738621?
True
Does 141 divide 1387859?
False
Does 7 divide 2354366?
True
Is 112061 a multiple of 446?
False
Does 574 divide 2070418?
True
Does 17 divide 1020833?
True
Does 46 divide 184092?
True
Is 117432 a multiple of 12?
True
Does 715 divide 813670?
True
Does 13 divide 647509?
False
Does 76 divide 544500?
False
Is 19788 a multiple of 68?
True
Does 239 divide 110896?
True
Does 441 divide 155673?
True
Does 24 divide 286276?
False
Is 22 a factor of 572572?
True
Is 48 a factor of 137182?
False
Does 65 divide 27625?
True
Is 75 a factor of 81675?
True
Is 90 a factor of 4427333?
False
Does 14 divide 539437?
False
Is 92639 a multiple of 7?
False
Is 1074450 a multiple of 50?
True
Does 20 divide 546527?
False
Is 819072 a multiple of 81?
True
Is 1012347 a multiple of 6?
False
Does 372 divide 11429248?
False
Does 22 divide 370281?
False
Is 19647 a multiple of 59?
True
Is 148 a factor of 172202?
False
Is 2241743 a multiple of 680?
False
Does 45 divide 4748355?
True
Does 92 divide 869952?
True
Is 383 a factor of 80322?
False
Is 29 a factor of 492845?
False
Does 227 divide 960664?
True
Is 16 a factor of 309446?
False
Is 14 a factor of 194348?
True
Does 110 divide 33040?
False
Is 9 a factor of 3129232?
False
Does 278 divide 27473628?
True
Does 94 divide 955407?
False
Does 330 divide 461010?
True
Is 57 a factor of 1241821?
False
Does 54 divide 37734250?
False
Is 232 a factor of 774184?
True
Is 13 a factor of 1516671?
True
Does 32 divide 6128000?
True
Does 50 divide 347900?
True
Is 24060 a multiple of 3?
True
Is 516 a factor of 318226?
False
Is 4 a factor of 591359?
False
Is 32 a factor of 4755392?
True
Is